t is the hundreds digit of f?
1
Let z be -1*6*(-1)/2. Suppose -z*c - 5*v + 16 = 0, -3*c - 6*v + 2*v = -14. Let w = 19 + c. What is the units digit of w?
1
Let j be 3*10/2*(-2)/(-6). Suppose 2*x - 460 = -j*i, -150 = -2*i + 2*x + 48. What is the units digit of i?
4
Let g(y) = 5*y**2 - 2*y - 7. Let m be g(-6). What is the units digit of (m/10)/((-3)/(-18))?
1
Suppose 4*x - 4*i + 188 = 1056, 0 = -i - 3. Suppose -38 = -3*f + x. What is the units digit of f?
4
Let m = 159 - 32. Let h = m - 59. What is the tens digit of h?
6
Let a be 4/24*3*52. Suppose 4*q + 2*o + o = 34, 0 = -4*q + o + a. What is the units digit of q?
7
Suppose 13 = -5*b + 3. Let z be (1 - (-3)/3)/b. What is the tens digit of ((-11)/z)/((-2)/(-6))?
3
Let c(o) = o + 10. Let h be c(-7). Let v = -5 - h. What is the units digit of v/(-32) - (-103)/4?
6
Let j be 2/((8/(-4))/(-8)). Let o(q) = -31*q + 0 + 1 + j*q**3 + 35*q. What is the units digit of o(2)?
3
Let d = -10 - -6. Suppose 2*r + 56 = 3*p, 0 = p - 3 - 1. What is the tens digit of 732/33 - d/r?
2
Let p = -28 + 320. What is the units digit of p?
2
Let g = -850 - -4018. What is the units digit of g?
8
Suppose 3*m = -c + 6 + 8, -5*m + 3*c = -42. Let j(u) = 4*u + 2*u + 7*u + m. What is the tens digit of j(5)?
7
Let h(j) = 4*j**2 - 6*j - 4. Suppose k + 17 = -2*k + 2*o, 4*k + 19 = -o. Let u be h(k). Suppose 0 = -2*f, -2*f + u = 3*g - f. What is the units digit of g?
2
Let q(h) = 14*h - 173. What is the units digit of q(26)?
1
Let j = 145 + -118. What is the units digit of j?
7
Suppose -5*q + n = -6208, 2*q + 14*n = 15*n + 2482. What is the units digit of q?
2
Let g(w) = w**3 + 9*w**2 - 12*w - 8. Let b be g(-10). Let o = 5 + -5. Let c = b + o. What is the units digit of c?
2
Let i = -35 + 40. Suppose i*d - 83 = -z, -2*d - 1 - 3 = 0. What is the tens digit of z?
9
What is the thousands digit of 24178/10 + 24/(-30)?
2
Let z = -21 + 197. What is the units digit of z?
6
Let x be ((-14)/14)/((-1)/3). Suppose m + l - 17 = 0, -x*m + 45 = -l + 2. What is the tens digit of m?
1
Let i(f) = 1817*f - 29. What is the thousands digit of i(1)?
1
Let d(t) = 96*t**2 + t + 2. Let x = -28 - -27. What is the tens digit of d(x)?
9
Let l = -2630 + 4045. What is the hundreds digit of l?
4
Let b be (-1*(-2 + 3))/(2/(-434)). Let a = b - -68. What is the units digit of a?
5
Suppose -1167 + 95 = -2*k + 5*v, -3*k + v = -1608. What is the tens digit of k?
3
Let f = 16 - 10. Let h = f + -4. Suppose 0 + 4 = 2*y + h*n, 2*y + 8 = -5*n. What is the units digit of y?
6
Suppose 823 + 578 = 5*z + 2*g, -2*g = -6. Suppose 0 = 3*a + a - 4*s - 220, -5*a + 3*s + z = 0. What is the units digit of a?
7
Suppose 2*p = g + 4*p - 1185, 3*p = 6. What is the tens digit of g?
8
Let a(g) = -1 - g + 0*g + 3 + 21*g**2. Let j be a(-2). Let k = j - 55. What is the tens digit of k?
3
Suppose 0 = -7*g + 2*g + 250. Let x = 0 + g. What is the tens digit of x?
5
Let j be (-22)/55 - 24/(-10). Let t be -3 - (-2 + -7 + j). Suppose r - w = -t*r + 102, 4*w + 68 = 3*r. What is the tens digit of r?
2
Let y be -37 + 6/(3/(-1)). Let l = 128 + y. Let w = l + -60. What is the tens digit of w?
2
Let n = 408 + 2923. What is the hundreds digit of n?
3
Suppose 0 = -m + 2*a + 592, 4*m - 8*m - 2*a = -2318. What is the units digit of m?
2
Suppose -53*v + 39*v + 336 = 0. What is the units digit of v?
4
Let m be 4 - (-3 + -74 + 2). Suppose 85*g = m*g + 882. What is the tens digit of g?
4
Let y = 451 - 186. Suppose y = 4*d + 5*f, d + 362 = 6*d - 4*f. What is the units digit of d?
0
Let w(b) = b**3 + 42*b**2 + 30*b - 132. What is the hundreds digit of w(-40)?
8
Let k(j) = 84*j - 16. What is the tens digit of k(2)?
5
Let r(b) = -b**3 + 8*b**2 + 10*b + 1. Let o be (50/4)/5*(-12)/(-5). What is the tens digit of r(o)?
3
Let r(o) = o + 10. Let g be r(6). What is the units digit of ((-102)/(-8))/(4/g)?
1
Suppose -6*q + 4*i = -q - 649, -5*q + i = -661. Suppose q = 3*y + 4*y. What is the tens digit of y?
1
What is the thousands digit of (136/(-12))/(11/(-1914))?
1
Suppose -11*n + 4344 + 13091 = 0. What is the tens digit of n?
8
What is the thousands digit of (((-1815)/(-30))/(-1))/(1/(-34))?
2
What is the thousands digit of (3 + (-16443)/(-7))/(9/12)?
3
Suppose -d + 4 = 2*v, -5*d - 4*v = -d - 20. Let g be (d/(-9))/((-8)/(-564)). Let m = 1 - g. What is the units digit of m?
8
Let f = -26 + 41. Suppose -3*i + 6*i = f. Suppose -3*b + i*z = 13, 2*b - 6*b + 21 = z. What is the units digit of b?
4
Let j be -2 + (0 - 2 - -1 - -6). Suppose 1 = -a + 2, 5*v - 738 = -j*a. What is the hundreds digit of v?
1
Let u(o) = -o**3 - 4*o**2 + 4*o. Let q be u(-5). Let s(g) = -g - q*g + 3 + 5*g + 4*g. What is the tens digit of s(7)?
2
Let n be (-9 - -10)*25*1. Suppose 2*i - 154 = -2*a, i - 55 = 2*a + n. What is the units digit of i?
8
Suppose 117*b = 116*b + 13. Suppose 5 = 2*c - b. What is the units digit of c?
9
Suppose 4*o - 5*t - 5 = 0, 0 = -5*o + 2*t + 4 - 2. Suppose 0 = -13*l - o*l + 533. What is the tens digit of l?
4
Suppose -23 = 3*x - 89. Let q be 3/(0 + 1) - x. Let b = 33 + q. What is the units digit of b?
4
Let a = 14 - 22. Let q = 11 + a. What is the tens digit of ((-3)/2)/(q/(-44))?
2
Let x be 522/(-4) + (-3)/6. Let l = x - -235. What is the tens digit of l?
0
Suppose 2*q - 5*m - 315 = 0, 0*q - 2*m = -5*q + 840. Suppose 0 = 4*o + q - 18. What is the tens digit of (-3)/(-6) + o/(-4)?
1
Let p(u) = 288*u - 500. What is the thousands digit of p(8)?
1
Let v = 6 + -8. Let b be (-380)/(-5) - (-1 + v). Suppose -5*t - o + b = 0, 0 = 4*t + o - 2 - 61. What is the tens digit of t?
1
Suppose -2*s + 12*s = -3130. Let f = s - -453. What is the units digit of f?
0
Suppose -5*x = g - 811, 2*g = 3*x - 0*g - 497. What is the units digit of x?
3
Suppose -10*m + 22696 = -32354. What is the units digit of m?
5
Suppose 4*s - a = 4491, -4*s = -0*s - 2*a - 4490. What is the units digit of s?
3
Suppose 9*r = 14*r - 5625. What is the tens digit of r?
2
What is the units digit of 9830*((-207)/(-90) - 2)?
9
What is the units digit of (-1 - (-2870)/4) + (-6)/12?
6
Let s be (-8)/(-12) + 0 + 130/30. Suppose 7*l - 4*l - 26 = -n, 0 = 5*n + 20. Suppose 0 = -l*p + s*p + 170. What is the tens digit of p?
3
Suppose -37 = s + 3*b, s + 4*s + 172 = -2*b. Let g be (21/(-14) - -1)/(1/104). Let p = s - g. What is the units digit of p?
8
Suppose -2*c = -2*t + 94, -t + 4*c + 24 = -20. Suppose -t = -2*k + 6*k. What is the units digit of (k/(-5))/((-24)/(-80))?
8
Let o = 1224 - 337. What is the tens digit of o?
8
Suppose d = -0*d + 2. Suppose 4*o = d*t - 2, -4*o + t + 0*t = -3. Suppose o*n - 16 - 2 = 0. What is the units digit of n?
9
Suppose 9*g = 22*g - 6331. What is the units digit of g?
7
Suppose -11*j = -8*j - 6582. Suppose -5*o + j - 849 = 0. What is the units digit of o?
9
Suppose 2*b - 5*b - 3*j = -15, 0 = -5*b + 4*j + 43. Suppose -5*r + 3*a = b, -3*a + 8 = -2*r - 7*a. Let i = 5 + r. What is the units digit of i?
3
What is the tens digit of -5 - (3014/55)/((-3)/45)?
1
Let r(v) be the third derivative of 61*v**6/60 + v**5/60 + v**4/12 - v**3/2 + 28*v**2. What is the tens digit of r(1)?
2
Let d be 2/14 - (-2)/(-14). Suppose d = -6*q + 230 + 358. What is the units digit of q?
8
Let h(d) = 12*d + 12. Let c(b) = -35*b - 36. Let i(x) = 6*c(x) + 17*h(x). What is the units digit of i(-10)?
8
Let z(a) = 6*a + 141. What is the hundreds digit of z(-6)?
1
Suppose -38952 = -55*n + 58233. What is the tens digit of n?
6
Let a = -2 + 5. Let k(r) = 2*r + 26. Let b be k(-12). Let j = b + a. What is the units digit of j?
5
Let a(m) = m**2 - 13*m - 69. What is the hundreds digit of a(-15)?
3
Let b(s) = -17*s**3 + 4*s**2 + 10*s + 10. What is the thousands digit of b(-4)?
1
Let w(b) = -b**3 - 8*b**2 - 5*b - 3. Let k be w(-5). Let o = k - -115. What is the units digit of o?
2
Let x(v) = v**3 - 12*v**2 - 22*v + 32. What is the hundreds digit of x(15)?
3
Let y(i) = i**2 + 3*i + 5. Let g be y(-10). What is the units digit of (-437)/(-15) + (-10)/g?
9
Suppose 3*f = g - 269, -f - 3*g = -7*g + 86. Let z = -96 + 42. Let o = z - f. What is the tens digit of o?
3
Let i(j) = -j**3 - 40*j**2 - 17*j - 195. What is the tens digit of i(-41)?
8
Let x(o) = 3*o. Let p be x(1). Suppose -5*w - 1 = 2*f - 21, 4*w + 7 = p*f. Suppose -f*t + t = -108. What is the units digit of t?
7
Let s = 1927 - 1295. What is th